he remainder when 199622 is divided by 291.
287
What is the remainder when 29403 is divided by 2?
1
Calculate the remainder when 195555 is divided by 205.
190
Calculate the remainder when 2118 is divided by 452.
310
Calculate the remainder when 718862 is divided by 95.
92
What is the remainder when 7287 is divided by 143?
137
Calculate the remainder when 406288 is divided by 38.
30
Calculate the remainder when 999 is divided by 995.
4
Calculate the remainder when 272585 is divided by 66.
5
What is the remainder when 17006 is divided by 47?
39
What is the remainder when 366130 is divided by 18?
10
What is the remainder when 56626 is divided by 306?
16
What is the remainder when 127380 is divided by 650?
630
Calculate the remainder when 80457 is divided by 170.
47
What is the remainder when 26248 is divided by 125?
123
What is the remainder when 40892 is divided by 2736?
2588
What is the remainder when 466115 is divided by 23?
20
What is the remainder when 18302 is divided by 19?
5
Calculate the remainder when 2128 is divided by 74.
56
Calculate the remainder when 22462 is divided by 1652.
986
Calculate the remainder when 8798 is divided by 4346.
106
Calculate the remainder when 8642 is divided by 1420.
122
What is the remainder when 611375 is divided by 17?
4
Calculate the remainder when 6752 is divided by 169.
161
What is the remainder when 4737 is divided by 52?
5
What is the remainder when 2419 is divided by 935?
549
What is the remainder when 38713 is divided by 245?
3
Calculate the remainder when 51247 is divided by 33.
31
Calculate the remainder when 14459 is divided by 660.
599
Calculate the remainder when 27944 is divided by 13965.
14
What is the remainder when 1405 is divided by 1222?
183
What is the remainder when 1776974 is divided by 46?
40
Calculate the remainder when 44638 is divided by 20.
18
Calculate the remainder when 11877 is divided by 321.
0
What is the remainder when 1666 is divided by 209?
203
What is the remainder when 7872 is divided by 1832?
544
What is the remainder when 3826 is divided by 177?
109
What is the remainder when 541758 is divided by 622?
618
What is the remainder when 1176 is divided by 320?
216
What is the remainder when 21957 is divided by 278?
273
What is the remainder when 16110 is divided by 649?
534
Calculate the remainder when 14513 is divided by 16.
1
What is the remainder when 4047 is divided by 1313?
108
Calculate the remainder when 3420261 is divided by 6.
3
Calculate the remainder when 10096 is divided by 160.
16
What is the remainder when 1818 is divided by 25?
18
Calculate the remainder when 25640 is divided by 14.
6
Calculate the remainder when 1247802 is divided by 191.
190
What is the remainder when 20270 is divided by 9935?
400
Calculate the remainder when 1384 is divided by 460.
4
What is the remainder when 47971 is divided by 505?
501
Calculate the remainder when 81095 is divided by 49.
0
What is the remainder when 10598 is divided by 53?
51
What is the remainder when 41919 is divided by 711?
681
What is the remainder when 2498 is divided by 316?
286
Calculate the remainder when 4906 is divided by 1206.
82
What is the remainder when 55431 is divided by 72?
63
Calculate the remainder when 7127 is divided by 712.
7
Calculate the remainder when 7480 is divided by 457.
168
What is the remainder when 62414 is divided by 94?
92
Calculate the remainder when 6493 is divided by 71.
32
Calculate the remainder when 11282 is divided by 158.
64
What is the remainder when 52755 is divided by 17478?
321
Calculate the remainder when 2309 is divided by 207.
32
Calculate the remainder when 25691 is divided by 48.
11
Calculate the remainder when 5855 is divided by 1948.
11
What is the remainder when 2396 is divided by 141?
140
Calculate the remainder when 222 is divided by 63.
33
What is the remainder when 69803 is divided by 65?
58
What is the remainder when 524805 is divided by 65?
60
What is the remainder when 6593 is divided by 1270?
243
Calculate the remainder when 9667 is divided by 4771.
125
Calculate the remainder when 99053 is divided by 21.
17
Calculate the remainder when 11620 is divided by 1932.
28
What is the remainder when 15880 is divided by 1587?
10
What is the remainder when 2131 is divided by 166?
139
What is the remainder when 107938 is divided by 547?
179
What is the remainder when 1785 is divided by 39?
30
Calculate the remainder when 15324 is divided by 51.
24
Calculate the remainder when 1043 is divided by 15.
8
Calculate the remainder when 7282 is divided by 407.
363
Calculate the remainder when 8949 is divided by 743.
33
What is the remainder when 51514 is divided by 8550?
214
Calculate the remainder when 2292 is divided by 240.
132
Calculate the remainder when 5229 is divided by 75.
54
Calculate the remainder when 6040 is divided by 240.
40
Calculate the remainder when 600468 is divided by 13.
11
What is the remainder when 9630 is divided by 2407?
2
Calculate the remainder when 23782 is divided by 27.
22
What is the remainder when 44346 is divided by 336?
330
Calculate the remainder when 623 is divided by 22.
7
What is the remainder when 11291 is divided by 480?
251
What is the remainder when 2465 is divided by 55?
45
What is the remainder when 388256 is divided by 17?
10
Calculate the remainder when 953 is divided by 27.
8
What is the remainder when 166783 is divided by 41690?
23
Calculate the remainder when 249 is divided by 203.
46
Calculate the remainder when 35706 is divided by 41.
36
Calculate the remainder when 425947 is divided by 16.
11
Calculate the remainder when 4833 is divided by 26.
23
Calculate the remainder when 31109 is divided by 20.
9
What is the remainder when 35618 is divided by 8886?
74
What is the remainder when 149065 is divided by 357?
196
Calculate the remainder when 6440 is divided by 5282.
1158
What is the remainder when 2773 is divided by 25?
23
What is the remainder when 115767 is divided by 139?
119
What is the remainder when 48033 is divided by 16011?
0
Calculate the remainder when 585205 is divided by 769.
765
Calculate the remainder when 3451 is divided by 1397.
657
Calculate the remainder when 154708 is divided by 27.
25
Calculate the remainder when 14575 is divided by 140.
15
What is the remainder when 15393 is divided by 7692?
9
Calculate the remainder when 883557 is divided by 13.
12
Calculate the remainder when 2116 is divided by 21.
16
What is the remainder when 8071 is divided by 21?
7
Calculate the remainder when 1024397 is divided by 104.
101
Calculate the remainder when 3146 is divided by 422.
192
What is the remainder when 1656 is divided by 23?
0
What is the remainder when 15281 is divided by 694?
13
Calculate the remainder when 126079 is divided by 32.
31
What is the remainder when 37952 is divided by 365?
357
What is the remainder when 544 is divided by 146?
106
What is the remainder when 38896 is divided by 779?
725
Calculate the remainder when 167282 is divided by 1507.
5
What is the remainder when 243418 is divided by 110?
98
Calculate the remainder when 37514 is divided by 212.
202
Calculate the remainder when 738 is divided by 158.
106
What is the remainder when 12094 is divided by 32?
30
What is the remainder when 115640 is divided by 56?
0
What is the remainder when 1690 is divided by 1561?
129
Calculate the remainder when 18874 is divided by 821.
812
What is the remainder when 9025 is divided by 1000?
25
What is the remainder when 2481 is divided by 47?
37
Calculate the remainder when 8928 is divided by 67.
17
Calculate the remainder when 2960 is divided by 416.
48
Calculate the remainder when 41410 is divided by 545.
535
Calculate the remainder when 40583 is divided by 26.
23
What is the remainder when 2458 is divided by 723?
289
Calculate the remainder when 497028 is divided by 841.
838
What is the remainder when 11988 is divided by 104?
28
Calculate the remainder when 120690 is divided by 935.
75
Calculate the remainder when 9440 is divided by 2356.
16
What is the remainder when 111691 is divided by 6980?
11
What is the remainder when 6926 is divided by 110?
106
Calculate the remainder when 7550 is divided by 213.
95
What is the remainder when 7456 is divided by 7436?
20
What is the remainder when 29629 is divided b